at is o(-3)?
232
Let f(y) = 293775*y**2 + 3231524*y - 8. Determine f(-11).
3
Let p(g) = -g**2 - 308*g + 64639. What is p(144)?
-449
Let v(q) = -9671*q - 96807. Determine v(-10).
-97
Let z(c) = c**3 - 39*c**2 + 219*c - 345. Give z(12).
-1605
Let u(p) = 2*p**3 - 246*p**2 + 2689*p - 251. Determine u(12).
49
Let t(j) = -14090*j + 2803912. What is t(199)?
2
Let h(q) = -5*q**3 + 193*q**2 - 465*q - 109. What is h(36)?
-1
Let g(i) = i**2 - 22185*i + 221768. What is g(10)?
18
Let g(r) = -4*r**3 + 15*r**2 - 55*r + 63. Determine g(7).
-959
Let h(x) = x**3 - 271*x**2 + 8551*x - 3263. What is h(36)?
13
Let g(p) = -2659*p - 183932. Determine g(-69).
-461
Let n(l) = -l**3 + 28*l**2 - 439*l + 5585. What is n(20)?
5
Let l(d) = -2*d**3 + 2647*d**2 - 1864*d + 715722. What is l(1323)?
-21
Let x(t) = -302*t**3 - 1207*t**2 + 11*t + 19. What is x(-4)?
-9
Let s(p) = 77074*p - 1695586. Calculate s(22).
42
Let x(y) = -y**3 + 178*y**2 - 53*y + 9383. Determine x(178).
-51
Let k(g) = 182*g + 13966. What is k(-77)?
-48
Let h(b) = -b**2 + 100*b + 8213. Determine h(154).
-103
Let o(c) = -1119*c - 25024. What is o(-22)?
-406
Let c(a) = -26321*a + 3000591. Calculate c(114).
-3
Let j(l) = 5*l**2 - 94*l - 37676. What is j(-78)?
76
Let i(k) = k**2 - 341*k + 29064. What is i(204)?
1116
Let p(u) = u**3 + 69*u**2 + 270*u + 679. What is p(-65)?
29
Let d(t) = -7*t**2 + 243*t - 158. Give d(31).
648
Let h(l) = -2*l**3 - 349*l**2 + 941*l + 72646. Determine h(-176).
-42
Let x(p) = -8336*p + 675210. Give x(81).
-6
Let o(g) = -10*g**3 - 6*g**2 - 15*g - 17. What is o(3)?
-386
Let t(o) = -28344*o + 708565. Determine t(25).
-35
Let a(s) = -43*s**2 - 23531*s - 47059. Give a(-2).
-169
Let k(c) = -97191*c - 194381. Determine k(-2).
1
Let f(r) = -3*r**3 + 807*r**2 + 1038*r + 231. Calculate f(-1).
3
Let z(w) = 713*w + 5009. Give z(-7).
18
Let k(p) = p**2 + 75*p - 552. What is k(-49)?
-1826
Let d(y) = 4*y**2 - 69*y - 589. Determine d(-14).
1161
Let c(y) = 2*y**2 + 348*y + 357. What is c(-170)?
-1003
Let k(i) = 7607*i + 113864. Calculate k(-15).
-241
Let u(p) = -2*p**3 - 215*p**2 - 2364*p - 49210. What is u(-98)?
-14
Let q(n) = n**3 - 102*n**2 + 268*n - 6752. Calculate q(100).
48
Let t(y) = -4*y**3 + 151*y**2 - 108*y - 32. Determine t(37).
79
Let t(b) = -70*b - 818. Give t(10).
-1518
Let m(s) = -43*s**2 + 7664*s + 31292. What is m(-4)?
-52
Let o(x) = -1471*x**3 + x**2 - 9*x - 2. Calculate o(-1).
1479
Let v(k) = 4*k**3 - 4*k**2 - 106*k + 366. Determine v(3).
120
Let u(o) = -24126*o - 410264. Give u(-17).
-122
Let d(u) = 116916*u - 117165. What is d(1)?
-249
Let x(w) = 271146*w**2 + 813435*w - 7. Give x(-3).
2
Let h(v) = 3*v**2 + 733*v + 25037. Determine h(-41).
27
Let w(y) = 5987*y**3 + 6*y**2 + 4*y - 5. Calculate w(1).
5992
Let q(j) = -2*j**3 - 3*j**2 + 60*j - 47. What is q(-9)?
628
Let g(w) = w**2 - 86*w - 3982. Calculate g(-33).
-55
Let p(j) = -2769*j - 66500. Determine p(-24).
-44
Let l(c) = 9*c**2 - 73*c + 206. Give l(4).
58
Let x(r) = -12165*r - 450099. Give x(-37).
6
Let u(l) = 4*l**3 + 132*l**2 - 142*l - 4135. Determine u(-33).
551
Let u(r) = 14*r**2 - 167*r - 914. Determine u(16).
-2
Let c(v) = -9*v**3 - 1786*v**2 - 801*v - 1563. Calculate c(-198).
219
Let z(u) = -3*u**3 + 11*u**2 - 180*u + 519. Determine z(3).
-3
Let y(o) = 2*o**3 - 548*o**2 + 16738*o - 268. What is y(35)?
12
Let h(v) = -4*v**3 - 248*v**2 + 250*v + 250. Give h(-63).
376
Let y(i) = 235*i + 8327. Give y(-36).
-133
Let j(c) = 279*c - 11431. Determine j(41).
8
Let x(j) = 750*j - 11307. Determine x(15).
-57
Let v(y) = -3*y**2 - 2174*y - 52471. Determine v(-25).
4
Let c(y) = -71*y + 1038. Determine c(9).
399
Let y(u) = -159*u**2 - 1022*u - 84. Determine y(-6).
324
Let v(k) = 162*k**2 - 2749*k - 60. Give v(17).
25
Let w(b) = -1453*b + 2247. What is w(3)?
-2112
Let b(w) = 2*w**2 - 147*w - 942. Determine b(68).
-1690
Let d(v) = -2*v**3 + 125*v**2 + 55*v + 763. Calculate d(63).
259
Let v(f) = f**3 - 28*f**2 - 3930*f + 2175. Calculate v(78).
-165
Let a(m) = m**2 + 236*m + 2657. What is a(-226)?
397
Let y(j) = j**3 + 23*j**2 - 175*j - 2295. Determine y(-26).
227
Let p(x) = -26*x**2 + 4414*x - 16329. What is p(166)?
-61
Let p(z) = 11*z**2 - 56*z - 346. Give p(-4).
54
Let r(m) = -5*m**3 - 211*m**2 + 895*m + 956. Calculate r(-46).
-10
Let q(w) = -28*w**2 - 3307*w - 3512. What is q(-117)?
115
Let c(b) = 2*b**2 - 703*b + 44407. What is c(84)?
-533
Let d(q) = -q**3 - 74*q**2 + 113*q - 3538. Determine d(-76).
-574
Let a(x) = 2*x**2 - 1372*x + 21044. What is a(15)?
914
Let g(z) = 2*z**3 - 3539*z**2 + 31682*z + 76. Determine g(9).
13
Let f(g) = -29*g**2 - 3509*g + 5. Determine f(-121).
5
Let p(g) = 2*g**3 - 9*g**2 - 7*g - 24. Calculate p(4).
-68
Let c(s) = 18*s**2 + 8684*s + 46753. Determine c(-477).
7
Let m(h) = h**2 - 18196*h + 72771. Give m(4).
3
Let f(j) = -j**3 - 97*j**2 + 1714*j + 150110. Give f(-99).
26
Let n(g) = g**3 - 592*g**2 + 531*g + 35209. Calculate n(591).
-251
Let o(s) = 1555*s + 364118. Determine o(-233).
1803
Let p(b) = 191880*b - 7675202. Calculate p(40).
-2
Let y(a) = -2*a**2 + 1160*a - 43186. Give y(40).
14
Let r(b) = -63*b + 9079. Determine r(144).
7
Let m(o) = 6*o**2 + 8*o - 359. Give m(-17).
1239
Let y(k) = -k**3 + 21*k**2 - 1042*k + 34686. Calculate y(28).
22
Let u(s) = 4*s**3 + 324*s**2 - 321*s + 581. Give u(-82).
7
Let n(i) = i**3 - 13*i**2 - 429*i + 460. Give n(-15).
595
Let l(v) = v**3 + 102*v**2 - 2979*v + 5697. Give l(-126).
27
Let z(c) = -c**3 + 140*c**2 - 243*c - 40929. Determine z(136).
7
Let r(x) = -70*x**2 + 1691*x + 10184. Calculate r(-6).
-2482
Let t(a) = -16*a**2 + 1134*a - 974. Determine t(70).
6
Let v(k) = 83*k - 4806. Calculate v(58).
8
Let w(o) = -5*o**2 + 9224*o - 100861. Give w(11).
-2
Let k(q) = q**3 + 74*q**2 - 5471*q + 68383. Calculate k(-123).
-5
Let a(y) = y**3 + 16*y**2 + 96*y + 2452. Determine a(-18).
76
Let j(c) = -c**3 + 67*c**2 + 474*c - 51250. Calculate j(61).
-10
Let i(y) = -179*y**2 - 81267*y - 447. Determine i(-454).
7
Let t(a) = -6287*a + 1144248. Determine t(182).
14
Let n(v) = 11*v**3 - 120*v**2 + 67*v + 17. Give n(10).
-313
Let q(m) = 3*m**2 + 84*m - 792. Give q(9).
207
Let l(m) = -2800*m + 2248429. Determine l(803).
29
Let r(t) = -976*t - 50753. Determine r(-52).
-1
Let g(r) = 7*r**3 - 261*r**2 + 67*r + 224. Determine g(37).
-35
Let w(y) = -2*y**3 - 814*y**2 + 3290*y + 1271. Give w(-411).
449
Let g(n) = 6*n**2 + 529*n + 5691. Give g(-11).
598
Let p(x) = -x**2 - 34611*x - 173028. Give p(-5).
2
Let l(z) = -z**3 + 186*z**2 + 453*z - 50369. What is l(187)?
-627
Let x(w) = -34028*w - 476525. Calculate x(-14).
-133
Let m(b) = -b**3 - 6*b**2 + 5*b - 7. Determine m(-6).
-37
Let t(p) = 38*p**2 + 3118*p + 371. What is t(-82)?
207
Let j(o) = 1421*o - 832794. Determine j(586).
-88
Let t(i) = -i**3 + 39*i**2 + 694*i - 23771. What is t(42)?
85
Let j(m) = 303*m - 3749. Determine j(12).
-113
Let u(x) = -37517*x - 787873. What is u(-21)?
-16
Let f(t) = -714*t - 163. Determine f(-1).
551
Let k(w) = -25*w**2 + 163*w + 39. Determine k(7).
-45
Let d(i) = 2*i**2 + 31*i - 101. Give d(4).
55
Let b(j) = -j**2 - 6707*j - 809840. Give b(-123).
-8
Let n(j) = -j**2 - 166*j - 6289. Calculate n(-67).
344
Let w(p) = -45118*p + 1804773. Give w(40).
53
Let i(x) = -29*x**2 + 669*x - 1348. Calculate i(2).
-126
Let u(p) = -169*p + 26094. Calculate u(154).
68
Let t(j) = 3*j**3 - 14*j**2 + 191*j - 2259. Determine t(12).
3201
Let q(v) = -4*v**2 - 1393*v + 5626. Give q(4).
-10
Let v(a) = 2*a**2 - 75*a - 4909. Determine v(-50).
3841
Let z(i) = 2*i**2 + 457*i + 2844. Give z(-222).
-42
Let u(g) = 3*g**3 + 2059*g**2 + 2742*g + 1475. Give u(-685).
105
Let n(f) = -2*f**2 + 971*f - 117878. Calculate n(244).
-26
Let k(x) = -x**3 - 2190*x**2 - 315422*x + 6106. What is k(-2035)?
1
Let c(y) = 2*y**3 + 59*y**2 - 48*y + 1262. Determine c(-31).
-133
Let k(u) = 50*u - 7179. Calculate k(135).
-429
Let z(d) = 2*d**3 - 306*d**2 - 294*d - 1386. Determine z(154).
770
Let z(k) = 985*k + 15765. Give z(-14).
1975
Let u(x) = -1526*x**3 - 32*x**2 - 34*x - 3. Give u(-1).
1525
Let d(n) = 49195*n - 983845. Calculate d(20).
55
Let x(k) = -18*k**2 - 27*k - 204. Calculate x(-9).
-1419
Let a(r) = 379*r - 19126. What is a(49)?
-555
Let h(l) = 4179*l + 54241. Give h(-13).
-86
Let d(l) = l**3 + 23*l**2 + 34*l - 126. Determine d(-17).
1030
Let r(k) = k*